-2*b = -0*b - i. List the prime factors of b.
2, 23
Let y = -73 - -80. Let z be y/2*(10 + -14). List the prime factors of (14/(-49))/(1/z) + 235.
239
Let u(p) = 2*p**2 - 38*p + 169. What are the prime factors of u(-62)?
7, 1459
What are the prime factors of 18299 + (-17 - -24 - (-1 - 2*-2))?
3, 6101
Suppose 271*i = 276*i - 4*o - 159636, 127684 = 4*i + 3*o. What are the prime factors of i?
2, 23, 347
Let d = 38 + -41. Let f(j) = j**2 + 5*j + 1. Let k be f(d). Let u(c) = -3*c - 12. List the prime factors of u(k).
3
Suppose g - 2*x - 1116 = 0, -g + 2*x - 2250 = -3*g. What are the prime factors of g?
2, 3, 11, 17
Suppose -5*s - 58054 = -4*x - 14599, 21 = -7*s. What are the prime factors of x?
2, 3, 5, 181
Suppose 5*a = 5*i + 37420 + 45475, -3*a - 5*i = -49705. What are the prime factors of a?
3, 5, 13, 17
Let s(r) = -r**3 + 2*r**2 + 122*r + 1362. List the prime factors of s(-23).
3, 7, 11, 17
Suppose 0 = 2*l - 5*d - 2718, -d + 2*d = -3*l + 4043. Suppose -l = -5*q + 976. List the prime factors of q.
3, 5, 31
Suppose -311207 - 697945 = -72*j. List the prime factors of j.
2, 3, 73
Suppose -9*m - 10 = -14*m. Suppose 0 = 3*z - m - 4. Suppose -5*k + 334 = 3*p, -6*p + p - z*k = -563. List the prime factors of p.
113
Suppose 2*g + 1998 = c, -16*c - 5*g - 5998 = -19*c. Suppose 10*l - c - 1544 = 0. What are the prime factors of l?
5, 71
What are the prime factors of 552215/8 - 13/(-104)?
3, 7, 19, 173
Let x(i) = -27 - 5 - i**2 - 17*i + i - 5*i. Let z be 3*(-3)/(-9) - 20. List the prime factors of x(z).
2, 3
Let s = 5329 - 2849. What are the prime factors of s?
2, 5, 31
Let o(m) = m**3 + 28*m**2 + 55*m + 57. Let n be o(-27). What are the prime factors of -5 - (n/3 - -1)?
227
Let z be ((-446)/223)/(2/4). Let b(g) = -g**2. Let k be b(0). What are the prime factors of 44 + (z - k) - -3?
43
Let c(y) = -y**3 - 61*y**2 + 3*y + 381. List the prime factors of c(-64).
3, 4159
Let b(c) = 39*c. Let s be b(2). Let a = 16019 + -16019. Suppose -u + 34 = -a*n - 3*n, -3*u = -n - s. List the prime factors of u.
5
Suppose t - 2 = -4*d, d + 3*t - 6 = 2*d. Let l be ((-13)/39)/(d - 1/6). What are the prime factors of 89 + (-2)/(l - 0)?
2, 11
Suppose -26*k + 28*k = 0. Suppose k = -i - 58 + 14. Let w = 84 + i. List the prime factors of w.
2, 5
Let d(h) = 5*h**2 + 29*h - 3. Let k be d(-14). Let q = -310 + k. What are the prime factors of q?
3, 29
Let v(y) = -2*y**2 + 81*y + 32. Let g(m) = 3*m - 15. Let s be g(16). What are the prime factors of v(s)?
17, 31
Let c(s) = 15*s**2 - 6*s - 10. Suppose -4*l = 3*l + 210. Let f = -33 - l. What are the prime factors of c(f)?
11, 13
Let o(s) = -30*s + 27. Suppose -8*n - 48 = -2*n. Let d be o(n). Let h = d + -125. What are the prime factors of h?
2, 71
Let w(j) = 82*j**2 + 7*j + 6. Let r(h) = h**3 + 5*h**2 + 6*h + 5. Let o be r(-4). What are the prime factors of w(o)?
3, 241
Let m(o) = 4700*o - 174. List the prime factors of m(1).
2, 31, 73
Let y be (-48)/32 + (-150)/(-4). Suppose 11*o + 7*o = -y. List the prime factors of 142 + 9 + -3 + o.
2, 73
Suppose m + 3*c = 10434, -21 = -4*c - 17. List the prime factors of m.
3, 19, 61
Let i = -1550 + 2845. List the prime factors of i.
5, 7, 37
Let y(o) = -109*o - 46. Let a = -116 + 113. What are the prime factors of y(a)?
281
Let i = 705 + -707. List the prime factors of 14766/12 + 8 + i/(-4).
3, 7, 59
Let r(o) = o**2 + 5*o + 29. Let f be r(-6). Let u = f + -27. Let s(j) = -j**3 + 6*j**2 + 20*j - 5. List the prime factors of s(u).
3
Suppose 5*v + 7848 = 11*v. Suppose 5*m = -f + v, -19*f + 6435 = -14*f + 4*m. What are the prime factors of f?
1283
Suppose -16*m + 25 = -11*m. Suppose 6*n - 2*n - 288 = -m*s, 4*s - 230 = -3*n. What are the prime factors of s?
2, 7
Let d = -451 + 512. List the prime factors of d.
61
Let m = 98 - 59. Suppose n - 25 = -m. Let s(b) = b**3 + 14*b**2 - 11*b + 20. List the prime factors of s(n).
2, 3, 29
Suppose -19*g - 6 = -22*g. Suppose -5*d = -g*o + 3175, -31*d - 1605 = -o - 32*d. List the prime factors of o.
2, 5
Let l = 60756 + -28553. List the prime factors of l.
32203
Suppose -131*v + 240240 = -105*v. What are the prime factors of v?
2, 3, 5, 7, 11
Let c(d) = 73*d**2 - 7*d - 1. Let g(p) = 146*p**2 - 13*p - 2. Let f(s) = -11*c(s) + 6*g(s). Let y be f(-1). Let j = 134 - y. What are the prime factors of j?
61
Let f = 677 + -171. Let p = -421 - -134. Let i = f + p. List the prime factors of i.
3, 73
Let y(v) = 4*v**2 - 516*v + 103. List the prime factors of y(-33).
21487
Let d(j) = 27*j + 279. What are the prime factors of d(71)?
2, 3, 61
Let o = 454 + -460. What are the prime factors of 1 + o + 12 + 659?
2, 3, 37
Suppose 32*v = 39*v + 308. Let t = 201 + v. Suppose -3*x = -t - 656. List the prime factors of x.
271
Let o(u) = 5*u**2 - 3 + 5*u**2 + 8*u**2 + 6 + 80*u. List the prime factors of o(-10).
17, 59
Let i be (3 - (8 - 5))/(3/3). Suppose -374*j + 385*j - 19217 = i. What are the prime factors of j?
1747
Suppose 2943 = 3*g + 3*s - 1449, g + 2*s = 1468. List the prime factors of g.
2, 5, 73
Let b(y) be the second derivative of 7*y**4/2 + 5*y**3/6 - 13*y**2/2 + 43*y. What are the prime factors of b(3)?
2, 5, 19
List the prime factors of 203718/8 + (-345)/(-20) + -18.
2, 3, 1061
Let k(h) = 222*h**2 - 27*h + 446. What are the prime factors of k(13)?
29, 1297
Let l be 5*(47 - (8/(-1))/(-2)). Let g = 454 - l. List the prime factors of g.
239
Let g(u) = -2*u**2 + 59*u - 10. Suppose 102 = p + 83. What are the prime factors of g(p)?
389
Let n = 60 - 79. Let a(c) be the second derivative of -c**3/6 + 3*c**2/2 + 4*c. List the prime factors of a(n).
2, 11
Let q(h) = -h**2 + 1. Let r be q(1). Let c be (0/(-1 - r))/3. Suppose c*a - 7*a + 1148 = 0. What are the prime factors of a?
2, 41
Let m(n) = -n**2 - 7*n + 21. Let o be m(-7). Let t(i) = o*i + 16*i**2 + 7*i**2 + 10 - 68*i**3 + 69*i**3. What are the prime factors of t(-22)?
2
Suppose 10*i + 0 = 10. Let s be i/((-4)/20)*(2 + -3). Let l(o) = o**3 - o**2 - 3*o + 8. What are the prime factors of l(s)?
3, 31
Let p = 13123 - 8101. What are the prime factors of p?
2, 3, 31
Let h(p) = p**3 + p**2 - p + 5. Let d be h(0). Let l be (d + 1)*(-3)/(-6). Suppose -5*b = -l*b - 156. What are the prime factors of b?
2, 3, 13
Let h = -8 - -15. Let g(j) = h + 21*j - 5 + 6. List the prime factors of g(4).
2, 23
Let t be (132/(-4))/(-1 - 0). Suppose 99 = t*p - 24*p. What are the prime factors of p?
11
Let f(z) = 2*z**3 - 4*z**2 - 3*z + 6. Let k be f(3). What are the prime factors of (-2)/k + 195027/315?
619
Let b(i) = 3*i**2 + 13*i + 3221. What are the prime factors of b(-36)?
29, 229
Let r be 79/5 + 2 - (-44)/(-55). Let t(h) = h**3 - 15*h**2 + 2*h + 27. List the prime factors of t(r).
3, 71
Suppose -22*c + 14*c = 0. Suppose -3*g = 4*u - 1328 - 1348, 2*u - 3*g - 1356 = c. What are the prime factors of u?
2, 3, 7
Let j = -50 + 89. Let m = j + -33. Suppose 33 = m*t - 33. List the prime factors of t.
11
Suppose -22 - 18 = 10*v. Let b(f) = -f**3 - 5*f**2 - 6*f - 8. Let r be b(v). Suppose 6*j + 271 - 1129 = r. What are the prime factors of j?
11, 13
Let u(b) = -11*b**2 + 2*b + 2. Let n be u(-1). Let d be (n/2 + 4)/((-2)/4). List the prime factors of (4 - (8 - d)) + 112.
3, 37
Let x(q) = q**3 + 4*q**2 - 4. Let c be x(-4). Let a be -9*(-4 - -60) - -3. List the prime factors of 2/c + a/(-6).
83
Let x(j) = 3*j**2 - j + 35. Let z be x(-8). Let l = z + 278. What are the prime factors of l?
3, 19
Suppose 0 = 38*n - 490840 - 331252. What are the prime factors of n?
2, 29, 373
List the prime factors of (1/((-9)/(-576)))/(1/192).
2, 3
Let a be 1/(-2 - 3/(-2)). What are the prime factors of (238/8 - (-5)/a)*12?
3, 109
Suppose -n + 2*n - 3 = -5*y, -3*n - 4*y = -9. What are the prime factors of (779 - n) + 4 + -7 + 6?
19, 41
List the prime factors of -1 + 0 - (1559200/(-8))/20.
2, 3, 7, 29
Suppose 2*i = -4*k - 14, 5*k = -0*i + 4*i - 37. Let s be (-22)/77 - 360/14. Let r = k - s. List the prime factors of r.
3, 7
Let f(l) = 2*l + 4. Let b be f(-4). Let k(y) = 25*y**2 + 8*y + 8. What are the prime factors of k(b)?
2, 47
Suppose -5*g + 5 = -10. Suppose 4*z - 5*z = -g*q + 1, 3*z - 11 = -5*q. Suppose o = -2*w - 4, z*o + 0*w = 3*w + 27. What are the prime factors of o?
2, 3
Let x = -17501 + 24773. What are the prime factors of x?
2, 3, 101
Suppose 0 = -3*n - 8*z + 65065, -2*n +